 61. Suppose 22*l = a + 512. Calculate the highest common divisor of 216 and l.
24
Suppose 3*v - 292 = 3*l - 88, 2*l = 3*v - 208. Calculate the highest common divisor of 162 and v.
18
Let m be 3 + (-755)/(-45) - (-4)/18. Let l = 112 + m. Calculate the highest common divisor of l and 33.
33
Suppose 5*c - 989 = -319. Suppose 8*n - 266 = c. What is the greatest common divisor of n and 30?
10
Suppose 4*l + 3*t = 51, -3*l + 12 = -0*t - 3*t. Suppose 3*v - 219 = -l. Let q(s) = 7*s + 42. Let d be q(9). What is the greatest common factor of d and v?
35
Suppose 126*r + 12 = 130*r, -5*k - 3*r + 94 = 0. Suppose -2*n + 4*v - 10 = -34, 4*n + 3*v = -7. Calculate the greatest common divisor of n and k.
1
Let z be ((-228)/(-30) - 12/(-3))*20. Suppose 700 = 3*d - 2*u + z, 0 = -4*d + u + 624. Calculate the highest common divisor of 60 and d.
12
Suppose b = -4*k - 4, -2*b - 5*k = b - 9. Suppose -4*p + 4*d = -56, p + b = 2*p - 4*d. Let h = 1 + 1. What is the greatest common divisor of h and p?
2
Let h be 1*16*(-21)/(-2). Let c be 3012/48 + ((-867)/(-204) - (-1 + 5)). What is the highest common factor of c and h?
21
Suppose 24 = -0*m + 2*m + j, -2*m + 2*j + 24 = 0. Calculate the greatest common divisor of 300 and m.
12
Suppose -345 = -3*x - 2*x. Suppose 10 = 5*o, -4*g - 4*o + x = -135. Let n be (-109)/(6867/1386) + 338/2. What is the highest common factor of n and g?
49
Let o = -1 + 6. Suppose o*w = x + 16, 3*x = w - 3*w + 37. Let t be (-6 - -10) + 8*4. What is the highest common factor of t and x?
9
Suppose 0 = 3*s - 2962 - 1712. What is the highest common divisor of s and 123?
41
Suppose 3581 = 101*i - 23084 - 7675. What is the greatest common divisor of i and 40?
20
Let n = 37 + -29. Let z = 34 + -72. Let f = 46 + z. Calculate the highest common factor of f and n.
8
Let d = 49 + -45. Suppose -1 = c, -d*i - c + 0*c = -199. Let h = i + -43. Calculate the highest common divisor of 77 and h.
7
Let p be 16 - (14 + (-40282)/11). What is the highest common factor of p and 32?
16
Let o = -166 + 172. Let z be ((-1)/(3/2))/(o/(-3393)). What is the highest common factor of z and 29?
29
Let c be 3/(4*9/1344). Let n = -42 - -43. Let p be n + (-3 - -5) + 13. Calculate the highest common factor of p and c.
16
Let t(b) = b**3 - 7*b**2 - 2*b + 48. Let d be t(7). Let l be 2716/10 - 2/(-5). What is the highest common factor of d and l?
34
Let j(d) = -d**3 + 2*d**2 - 5*d + 3. Let i be j(1). Let l be 41 - ((-60)/(-12) - (-10)/i). What is the greatest common factor of 6 and l?
2
Let u(i) = i**3 + 39*i**2 - 12*i + 52. Let w be u(-39). Let v = 571 - w. What is the greatest common factor of v and 17?
17
Let u be 14 + -9 + 216/(-44) + (-129)/(-33). What is the highest common divisor of 1372 and u?
4
Let m = -467 - -479. Let n = 64 + -64. Suppose -1 = -v + 2*t + 3, 3*v + 2*t - 44 = n. Calculate the highest common divisor of m and v.
12
Let c be 111 + (38 - (121 + -44)). Let k(n) = -278*n**3 + 2*n + 1. Let f be k(-1). Suppose -97 = m - f. What is the highest common divisor of m and c?
36
Let y be ((-1)/(-3))/(3 - (-37112)/(-12372)). Suppose -2*d + 3*t = -0*t - y, -1030 = -2*d + 4*t. What is the highest common factor of 47 and d?
47
Let a(t) = 7*t**2 - 2*t - 4. Let v be a(4). Let q(x) = 22*x**2 + 662*x + 75. Let m be q(-30). What is the greatest common factor of m and v?
5
Let l(x) = -4*x**2 + 1. Let f be l(-1). Let y be 4 - 7/1 - 6/f. Let b be (-10 - 2)*((-10)/(-15))/y. Calculate the greatest common factor of b and 6.
2
Let u = -42 - -154. Suppose -4*b = -5*b + u. Let o(n) = 2*n**3 - 61*n**2 + 32*n - 44. Let g be o(30). What is the greatest common factor of g and b?
16
Let q(t) = t**2 - 2*t - 23. Let b be q(-4). Suppose -2*s = -5 + b. Suppose -6*i + 161 = 5*g - 3*i, s*i = -6. Calculate the highest common divisor of g and 272.
34
Let d = 37 + -37. Suppose d = -4*m - 176 + 416. Calculate the greatest common factor of m and 40.
20
Let a be (9 - (10 - 15)*23)*(-58)/(-8). Calculate the greatest common divisor of 465 and a.
31
Let h be (513/(-19))/((-1)/2). Calculate the highest common divisor of 7398 and h.
54
Let r = 64 + -58. Suppose 4*l + 0*l = 120. Suppose l = 4*g + 6. Calculate the greatest common factor of g and r.
6
Let f(s) = -s**2 - 57*s + 1643. Let x be f(21). Calculate the highest common factor of 2495 and x.
5
Let a be 2/(-2) + 52 + 1. Let u be (-15920)/(-68) + ((-64)/3264)/((-1)/(-6)). Calculate the greatest common divisor of a and u.
26
Let f(d) = 4*d + 71. Let q be f(-14). Suppose 20*y - q*y = -2*p + 186, -24 = -y + 4*p. What is the highest common divisor of y and 9?
9
Suppose 0 = 12*k - 693 - 27. Suppose 33*q = 37*q + 28. Let h(d) = d**3 + 9*d**2 + 10*d - 13. Let m be h(q). What is the greatest common divisor of k and m?
15
Suppose -2*n + 5*j = -428, n = 4*n + 4*j - 688. Suppose k + 2*r = 20, -2*k + 13 = -4*r - 59. What is the highest common factor of n and k?
28
Suppose 2*m + 438 = 2*x - 0*x, -4*m - 207 = -x. Let z = -134 + x. Let i = 90 - z. Calculate the greatest common divisor of i and 3.
1
Suppose -23*t + 27*t = 48. Let h be (-441)/(0 - 0 - 9/t). What is the greatest common divisor of h and 12?
12
Let d(r) = 5*r - 73. Let x(z) = -z**2 - 40*z - 91. Let h be x(-37). Let k be d(h). What is the highest common divisor of 279 and k?
9
Let k be (-15)/180*57 - 3/(-4). Let d be (-16)/12*-242*(-3)/k. What is the highest common divisor of d and 44?
22
Suppose -11*a + 14*a - 4*o = 718, -3*o - 720 = -3*a. What is the greatest common divisor of 8 and a?
2
Let i = -31 + 34. Let w be 22/33 - (-232)/i. Suppose 0*p + 3*p - w = 0. Calculate the highest common factor of p and 26.
26
Let p(r) = -r**3 + 6*r**2 + 9*r - 5. Let d be p(6). Let f = d + 171. Suppose f + 125 = 5*k. What is the greatest common divisor of 23 and k?
23
Suppose 2*l + 11*y + 10 = 7*y, 0 = -5*l - 5*y - 5. Suppose 3*k - 21 = -l. Calculate the greatest common factor of k and 24.
6
Suppose -x = 4*a - 16, 3*x + a = -0*a + 59. Let y be x/12 - 1 - (-46)/3. Calculate the greatest common factor of 272 and y.
16
Suppose -67*w + 63*w = -192. Suppose 0 = 52*z - w*z - 212. Calculate the highest common divisor of z and 371.
53
Let m(z) = 2*z**2 - 29*z + 26. Let x be 3/(30/4) + 204/15. Let v be m(x). Calculate the greatest common factor of 6 and v.
6
Suppose 505 - 1345 = -84*f. Let j be 20*(609/6)/7. Calculate the greatest common factor of f and j.
10
Let i = -71 - -74. Suppose h - 16 = 3*d, 0*d + i*h + 22 = -d. Let k be -2 - -1 - (-40 - d). What is the highest common factor of k and 16?
16
Suppose 156841 = 67*d + 26392. What is the highest common factor of d and 44?
11
Let z(k) = -k**3 + 9*k**2 - 8*k + 10. Let n = 52 - 41. Let u be z(n). Let f be u/(-30) - (-2)/6. What is the greatest common factor of 143 and f?
11
Let t be (-23)/(-3) - (-8)/24. Let r be 150/t - (36/(-16) - -2). Calculate the greatest common divisor of r and 19.
19
Suppose 0 = 7*x - 7 - 0. Suppose -5*p - f = -60, x - 13 = -p + 2*f. Suppose -3*y + y = -p. What is the highest common factor of y and 42?
6
Suppose -4*x - 25*z - 180 = 0, x - 2*z - 4 = 17. What is the greatest common divisor of x and 196?
1
Let v be 38690 - ((-5)/4 - 494/(-152)). Calculate the highest common divisor of v and 32.
32
Suppose -4*q + 3*y = -3156, q + 22*y - 19*y - 804 = 0. Calculate the greatest common divisor of q and 704.
88
Suppose 254 = 5*y - u - 166, 4*u - 63 = -y. Calculate the greatest common factor of 4980 and y.
83
Let u be 3/5*-35*24/(-14). Calculate the greatest common factor of 1668 and u.
12
Suppose -47*t = 14*t - 7076. Calculate the greatest common factor of t and 176.
4
Let j be 945/(-2520) - 115/16*-2. Calculate the highest common factor of j and 3101.
7
Let d = 5743 - 5600. What is the greatest common divisor of 539 and d?
11
Let b = -4295 - -4503. Calculate the highest common factor of b and 688.
16
Suppose -6*v + 137 - 154 = -173. What is the highest common factor of 4966 and v?
26
Suppose -35*m + 31*m - 76 = 0. Let f(b) = -b**3 - 20*b**2 - 18*b + 35. Let q be f(m). What is the greatest common factor of q and 8?
8
Suppose 6*h = -118 - 158. Let b = h + 106. What is the greatest common divisor of 24 and b?
12
Let l be ((-6)/(-9))/(2/78). Let g = -27301 - -27405. What is the highest common factor of g and l?
26
Let k = -47 + 45. Suppose 0 = -4*w + 51 + 69. Let x = w + k. What 